{"id":230,"date":"2015-06-17T07:07:25","date_gmt":"2015-06-17T07:07:25","guid":{"rendered":"https:\/\/ingenieriaintegralenconstruccion.com\/?page_id=230"},"modified":"2015-08-26T05:52:02","modified_gmt":"2015-08-26T05:52:02","slug":"mision-vision-y-valores","status":"publish","type":"page","link":"https:\/\/ingenieriaintegralenconstruccion.com\/index.php\/about-us\/mision-vision-y-valores\/","title":{"rendered":"Mision Vision y Valores"},"content":{"rendered":"<p>[vc_row full_width=&#8221;&#8221; parallax=&#8221;&#8221; parallax_image=&#8221;&#8221; newlayout=&#8221;Fixed&#8221;][vc_column width=&#8221;1\/1&#8243;][vc_column_text]<\/p>\n<h2>MISI\u00d3N<\/h2>\n<hr \/>\n<p style=\"line-height: 28pt; color: #333333; font-size: 1.3em; text-align: justify;\">Ofrecer al cliente la soluci\u00f3n de problemas en el ramo de la construcci\u00f3n con respuesta inmediata, brindando un servicio integral en calidad, tiempo y costo en un ambiente de confianza y respeto que involucre a todos los grupos de inter\u00e9s; siendo responsable de nuestros impactos econ\u00f3micos, sociales y ambientales, teniendo como lema: \u201chacerlo bien a la primera vez\u201d.<\/p>\n<p>&nbsp;<\/p>\n<h2>VISI\u00d3N<\/h2>\n<hr \/>\n<p style=\"line-height: 28pt; color: #333333; font-size: 1.3em; text-align: justify;\">Consolidarnos en el mercado local y nacional creando una empresa solida e integrada mediante una planeaci\u00f3n sustentable y la capacitaci\u00f3n constante de nuestros colaboradores promoviendo en ellos el desarrollo tanto personal como profesional.<\/p>\n<p>&nbsp;<\/p>\n<h2>VALORES<\/h2>\n<hr \/>\n<p style=\"line-height: 28pt; color: #333333; font-size: 1.3em; text-align: justify;\">Responsabilidad<\/p>\n<p style=\"line-height: 28pt; color: #333333; font-size: 1.3em; text-align: justify;\">Servicio<\/p>\n<p style=\"line-height: 28pt; color: #333333; font-size: 1.3em; text-align: justify;\">Calidad<\/p>\n<p>&nbsp;<\/p>\n<p><a href=\"https:\/\/ingenieriaintegralenconstruccion.com\/wp-content\/uploads\/2015\/08\/hombrecasco.jpg\"><img loading=\"lazy\" src=\"https:\/\/ingenieriaintegralenconstruccion.com\/wp-content\/uploads\/2015\/08\/hombrecasco.jpg\" alt=\"hombrecasco\" width=\"1920\" height=\"281\" class=\"aligncenter size-full wp-image-451\" srcset=\"https:\/\/ingenieriaintegralenconstruccion.com\/wp-content\/uploads\/2015\/08\/hombrecasco.jpg 1920w, https:\/\/ingenieriaintegralenconstruccion.com\/wp-content\/uploads\/2015\/08\/hombrecasco-300x44.jpg 300w, https:\/\/ingenieriaintegralenconstruccion.com\/wp-content\/uploads\/2015\/08\/hombrecasco-1024x150.jpg 1024w\" sizes=\"(max-width: 1920px) 100vw, 1920px\" \/><\/a>[\/vc_column_text][\/vc_column][\/vc_row]<\/p>\n","protected":false},"excerpt":{"rendered":"<p>[vc_row full_width=&#8221;&#8221; parallax=&#8221;&#8221; parallax_image=&#8221;&#8221; newlayout=&#8221;Fixed&#8221;][vc_column width=&#8221;1\/1&#8243;][vc_column_text] MISI\u00d3N Ofrecer al cliente la soluci\u00f3n de problemas en el ramo de la construcci\u00f3n con respuesta inmediata, brindando un servicio integral en calidad, tiempo y costo en un ambiente de confianza y respeto que involucre a todos los grupos de inter\u00e9s; siendo responsable de nuestros impactos econ\u00f3micos, sociales y [&hellip;]<\/p>\n","protected":false},"author":1,"featured_media":0,"parent":34,"menu_order":3,"comment_status":"open","ping_status":"open","template":"","meta":[],"_links":{"self":[{"href":"https:\/\/ingenieriaintegralenconstruccion.com\/index.php\/wp-json\/wp\/v2\/pages\/230"}],"collection":[{"href":"https:\/\/ingenieriaintegralenconstruccion.com\/index.php\/wp-json\/wp\/v2\/pages"}],"about":[{"href":"https:\/\/ingenieriaintegralenconstruccion.com\/index.php\/wp-json\/wp\/v2\/types\/page"}],"author":[{"embeddable":true,"href":"https:\/\/ingenieriaintegralenconstruccion.com\/index.php\/wp-json\/wp\/v2\/users\/1"}],"replies":[{"embeddable":true,"href":"https:\/\/ingenieriaintegralenconstruccion.com\/index.php\/wp-json\/wp\/v2\/comments?post=230"}],"version-history":[{"count":6,"href":"https:\/\/ingenieriaintegralenconstruccion.com\/index.php\/wp-json\/wp\/v2\/pages\/230\/revisions"}],"predecessor-version":[{"id":558,"href":"https:\/\/ingenieriaintegralenconstruccion.com\/index.php\/wp-json\/wp\/v2\/pages\/230\/revisions\/558"}],"up":[{"embeddable":true,"href":"https:\/\/ingenieriaintegralenconstruccion.com\/index.php\/wp-json\/wp\/v2\/pages\/34"}],"wp:attachment":[{"href":"https:\/\/ingenieriaintegralenconstruccion.com\/index.php\/wp-json\/wp\/v2\/media?parent=230"}],"curies":[{"name":"wp","href":"https:\/\/api.w.org\/{rel}","templated":true}]}}