{"id":221,"date":"2015-06-17T07:00:47","date_gmt":"2015-06-17T07:00:47","guid":{"rendered":"https:\/\/ingenieriaintegralenconstruccion.com\/?page_id=221"},"modified":"2015-08-26T05:52:25","modified_gmt":"2015-08-26T05:52:25","slug":"ingenieria-integral","status":"publish","type":"page","link":"https:\/\/ingenieriaintegralenconstruccion.com\/index.php\/about-us\/ingenieria-integral\/","title":{"rendered":"Ingenieria Integral"},"content":{"rendered":"<p>[vc_row full_width=&#8221;&#8221; parallax=&#8221;&#8221; parallax_image=&#8221;&#8221; newlayout=&#8221;Fixed&#8221; css=&#8221;.vc_custom_1424541127682{margin-bottom: 0px !important;}&#8221;][vc_column width=&#8221;2\/3&#8243;][vc_column_text css=&#8221;.vc_custom_1440568344996{margin-bottom: 0px !important;}&#8221;]<\/p>\n<h2>Historia<\/h2>\n<hr \/>\n<p style=\"line-height: 28pt; color: #333333; font-size: 1.3em; text-align: justify;\">La empresa surge en 1993 con la construcci\u00f3n de un proyecto habitacional, el cual da pie a continuar con diversos proyectos de origen p\u00fablico, lo cual nos ha permitido trabajar con diversos organismos de gobierno en una gran variedad de proyectos, as\u00ed se consolida como empresa responsable y con la capacidad t\u00e9cnica y \u00a0experiencia, ganando la confianza de nuestros clientes a lo largo de estos a\u00f1os.<\/p>\n<p>[\/vc_column_text][\/vc_column][vc_column width=&#8221;1\/3&#8243;][vc_column_text css_animation=&#8221;&#8221; css=&#8221;.vc_custom_1424541079032{margin-bottom: 0px !important;}&#8221;]<img src=\"https:\/\/ingenieriaintegralenconstruccion.com\/wp-content\/uploads\/2015\/08\/obra-en-proceso.jpg\" alt=\"\" \/>[\/vc_column_text][\/vc_column][\/vc_row][vc_row full_width=&#8221;&#8221; parallax=&#8221;&#8221; parallax_image=&#8221;&#8221; newlayout=&#8221;Fixed&#8221;][vc_column width=&#8221;1\/1&#8243;][vc_empty_space height=&#8221;12px&#8221;][\/vc_column][\/vc_row][vc_row full_width=&#8221;&#8221; parallax=&#8221;&#8221; parallax_image=&#8221;&#8221; newlayout=&#8221;Fixed&#8221;][vc_column width=&#8221;1\/1&#8243;][vc_raw_html]JTNDcCUyMCUyMGFsaWduJTNEJTIyY2VudGVyJTIyJTNFJTNDaW1nJTIwc3JjJTNEJTIyaHR0cHMlM0ElMkYlMkZpbmdlbmllcmlhaW50ZWdyYWxlbmNvbnN0cnVjY2lvbi5jb20lMkZ3cC1jb250ZW50JTJGdXBsb2FkcyUyRjIwMTUlMkYwOCUyRmxvZ28uanBnJTIyJTNFJTNDJTJGcCUzRQ==[\/vc_raw_html][\/vc_column][\/vc_row]<\/p>\n","protected":false},"excerpt":{"rendered":"<p>[vc_row full_width=&#8221;&#8221; parallax=&#8221;&#8221; parallax_image=&#8221;&#8221; newlayout=&#8221;Fixed&#8221; css=&#8221;.vc_custom_1424541127682{margin-bottom: 0px !important;}&#8221;][vc_column width=&#8221;2\/3&#8243;][vc_column_text css=&#8221;.vc_custom_1440568344996{margin-bottom: 0px !important;}&#8221;] Historia La empresa surge en 1993 con la construcci\u00f3n de un proyecto habitacional, el cual da pie a continuar con diversos proyectos de origen p\u00fablico, lo cual nos ha permitido trabajar con diversos organismos de gobierno en una gran variedad de proyectos, as\u00ed [&hellip;]<\/p>\n","protected":false},"author":1,"featured_media":0,"parent":34,"menu_order":1,"comment_status":"open","ping_status":"open","template":"","meta":[],"_links":{"self":[{"href":"https:\/\/ingenieriaintegralenconstruccion.com\/index.php\/wp-json\/wp\/v2\/pages\/221"}],"collection":[{"href":"https:\/\/ingenieriaintegralenconstruccion.com\/index.php\/wp-json\/wp\/v2\/pages"}],"about":[{"href":"https:\/\/ingenieriaintegralenconstruccion.com\/index.php\/wp-json\/wp\/v2\/types\/page"}],"author":[{"embeddable":true,"href":"https:\/\/ingenieriaintegralenconstruccion.com\/index.php\/wp-json\/wp\/v2\/users\/1"}],"replies":[{"embeddable":true,"href":"https:\/\/ingenieriaintegralenconstruccion.com\/index.php\/wp-json\/wp\/v2\/comments?post=221"}],"version-history":[{"count":11,"href":"https:\/\/ingenieriaintegralenconstruccion.com\/index.php\/wp-json\/wp\/v2\/pages\/221\/revisions"}],"predecessor-version":[{"id":559,"href":"https:\/\/ingenieriaintegralenconstruccion.com\/index.php\/wp-json\/wp\/v2\/pages\/221\/revisions\/559"}],"up":[{"embeddable":true,"href":"https:\/\/ingenieriaintegralenconstruccion.com\/index.php\/wp-json\/wp\/v2\/pages\/34"}],"wp:attachment":[{"href":"https:\/\/ingenieriaintegralenconstruccion.com\/index.php\/wp-json\/wp\/v2\/media?parent=221"}],"curies":[{"name":"wp","href":"https:\/\/api.w.org\/{rel}","templated":true}]}}